ainder when y is divided by 6?
4
Suppose 5*b - 280 = -3*j + 445, 716 = 3*j - 4*b. Calculate the remainder when j is divided by 27.
24
Let s = -23 - -25. Calculate the remainder when -1 + 0/s - (-14)/1 is divided by 4.
1
Let z(p) = 2*p**2 - 3*p - 5. Let k = -9 - -13. Suppose 5*d = 0, -v + 40 = 4*d - 16. Calculate the remainder when v is divided by z(k).
11
Let d(w) = -6*w + 1. Let p be d(-2). Let l be (3 - p) + 2*1. What is the remainder when (l/6)/(-2)*3 is divided by 2?
0
Let u(w) be the second derivative of -w**5/5 + w**3 + 2*w**2 - 3*w - 3. What is the remainder when 117 is divided by u(-2)?
21
Let o = -2 - -73. Calculate the remainder when o is divided by 294/8 - (-3)/14*742/636.
34
Suppose -68*a - 96 = -80*a. What is the remainder when 700 is divided by a?
4
What is the remainder when ((-3)/(-2))/(12 - 429330/35780) is divided by 64?
61
Let l(h) = 13*h**2 - 13*h + 30. Calculate the remainder when 137 is divided by l(2).
25
Suppose 31 = f + 4*z - 16, 2*z - 141 = -3*f. What is the remainder when 252 is divided by f?
17
Suppose s = 4, 0 = -6*b + 5*b + 3*s + 35. Calculate the remainder when 78 is divided by b.
31
What is the remainder when 15 is divided by (-4 - 4)*1*3/(-6)?
3
Let b(l) = -l**3 - 18*l**2 - l. Let i be b(-17). Calculate the remainder when i/(-12) - (5/3 + -1) is divided by 2.
0
Let n = -605 + 639. Calculate the remainder when 101 is divided by n.
33
Let b(q) = -6*q - 3. Suppose 15*y + 51 = -144. What is the remainder when (y/(-2))/((1 + -2)/(-4)) is divided by b(-2)?
8
Let u = 2826 + -2674. What is the remainder when u is divided by 52?
48
Suppose -13*f = -65*f + 9568. What is the remainder when f is divided by 174?
10
Let u = 205 - 186. Calculate the remainder when 46 is divided by u.
8
Let d = -42 + 60. Let m = -10 - -6. What is the remainder when 34 + m/(-2) + -2 is divided by d?
16
Let p = -76 + 80. Suppose 0 = 4*j - 5*j - 4*o + 28, -p*j + o = -95. What is the remainder when 91 is divided by j?
19
Let b = 4 - -8. What is the remainder when 152 is divided by b?
8
Suppose 4*v + y - 2076 = 0, y = -v + 5*y + 536. Suppose -6*r + v = 2*r. Calculate the remainder when r is divided by 23.
19
Let c(m) = 5*m - 7. Let p(b) = 64*b**2 - b + 1. Let t be p(-1). Let g = t - 55. Calculate the remainder when c(5) is divided by g.
7
Let g = -182 + 220. Calculate the remainder when 455 is divided by g.
37
Let r = 245 + -156. What is the remainder when r is divided by 6?
5
Let a(x) = -x**2 + 11*x + 13. Let q(y) = -28*y + 4. Let g be q(-3). Suppose -5*d = -303 + g. Calculate the remainder when d is divided by a(10).
20
Let t = 1211 + -1056. Calculate the remainder when t is divided by 6.
5
Let l(z) be the first derivative of z**3/3 - z + 2. Let d be l(-1). Suppose d = -2*k + 3*k - 5. Calculate the remainder when 9 is divided by k.
4
Let s be (2 - 4)*-1 + 1. Suppose -24 = -s*u - 3*h, h + 30 = 5*u + 4*h. Let m = u + 8. What is the remainder when m is divided by 7?
4
Suppose -f + 15 + 14 = 0. What is the remainder when 83 is divided by f?
25
Let q = 2242 - -655. Calculate the remainder when q is divided by 29.
26
Suppose 513*j - 144 = 504*j. What is the remainder when 1164 is divided by j?
12
Suppose 5*n - 12 = n. Let x(t) = t**3 + 7*t**2 - 5*t + 122. What is the remainder when x(-9) is divided by n?
2
Suppose -4*s + 8 = 7*r - 9*r, 0 = -3*r + 5*s - 15. Calculate the remainder when ((-18)/(-15) + -3)/(3/r) is divided by 5.
1
Let v(h) = -h**2 - 19*h + 42. What is the remainder when 128 is divided by v(-20)?
18
Let d(z) = -4*z - 22. Let y be d(5). What is the remainder when y/((-2)/(-2) - (-63)/(-49)) is divided by 37?
36
Suppose 36 = -y + 5*y. What is the remainder when 47 - -6*(15/9 + -1) is divided by y?
6
Let c be (-6)/14 + 9658/77. Let i = -221 + c. Calculate the remainder when (6/4)/((-2)/i) is divided by 15.
12
Suppose -i + 183 - 175 = 0. Let z = 16 + -7. Calculate the remainder when z is divided by i.
1
Calculate the remainder when 290 is divided by (-77)/(-1 + 0/2).
59
Let m = -508 + 521. Calculate the remainder when m is divided by 5.
3
Let p = -2508 + 2941. What is the remainder when p is divided by 45?
28
Let u = -2018 - -2036. Calculate the remainder when 573 is divided by u.
15
Suppose 12*t - 2442 - 546 = 0. What is the remainder when t is divided by 64?
57
Suppose -2*g - 4*z + 114 = 86, 5*z = 5*g - 40. Calculate the remainder when 908 is divided by g.
8
Let v be (-2)/(-13) - (-50)/13. Suppose -4 = 2*d - p + 5*p, -v*p - 20 = 0. What is the remainder when ((-28)/8)/((-2)/d) is divided by 8?
6
Suppose -5*q = -0*q - 90. Let x = -86 - -96. What is the remainder when q is divided by x?
8
Suppose 431 = -2*q + 631. What is the remainder when q is divided by 6?
4
Suppose 103 + 968 = 7*i. Calculate the remainder when i is divided by 26.
23
Let z(m) be the third derivative of m**4/24 + 5*m**3/6 - 11*m**2. Let x be z(-4). What is the remainder when (-1)/(4/(x + -405)) is divided by 26?
23
Suppose 2*z - 4*t = 2582, 3*z = 4*z - t - 1288. Calculate the remainder when z is divided by 8.
5
Suppose -3*g + 16 = -g. Let z = -1914 + 1945. What is the remainder when z is divided by g?
7
Let b = -4 + 10. Let g(n) = -2*n + 17. What is the remainder when g(0) is divided by b?
5
Let j(y) = 9*y**2 + 12*y - 20. What is the remainder when 41 is divided by j(2)?
1
Let o = -613 - -648. What is the remainder when 627 is divided by o?
32
Let m(y) = 30*y - 54. Calculate the remainder when 123 is divided by m(3).
15
Let b(k) = -k**3 - 2*k**2 + 2*k - 1. Let h be b(-2). Let q = 8 + h. What is the remainder when 5*7/((-105)/(-18)) is divided by q?
0
Let b = 8 - -8. Calculate the remainder when 94 is divided by b.
14
Let k(f) = 22*f - 4. Let i be k(3). Suppose -u + i = 7. What is the remainder when u is divided by (-18)/(42 + -6)*-2*14?
13
Let o(u) = -4*u - 5. Let z be o(-4). Let l = 19 - z. Suppose 4*r - 104 = 2*w, 3*w = -0*r + 5*r - 128. What is the remainder when r is divided by l?
4
Let s(q) = q**3 - 5*q**2 + q + 1. Let z = 2 - -2. Let x = z + 1. What is the remainder when s(x) is divided by 3?
0
Suppose 7499*t + 187 = 7510*t. What is the remainder when 0 - 4/(-2) - -77 is divided by t?
11
Let x(o) = o**2 + 11*o + 22. Let l be x(-9). Suppose -l - 2 = -3*u. Suppose 0 = -4*r + 6*r - 4. What is the remainder when r is divided by u?
0
Suppose -6*a - 467 = -53. Let s = a + 78. Calculate the remainder when 4 + -3 + 10*3 is divided by s.
4
Calculate the remainder when 52 is divided by 3 + (-21)/((-252)/312).
23
Suppose 0 = 5*r - b - 951, 5*r = b - 4*b + 967. What is the remainder when r is divided by 14?
9
Let l be (-558)/(-10) + 1/5. Suppose -4*p + 3*j = 4*j - l, -5*j - 35 = -p. What is the remainder when 73 is divided by p?
13
Let z = -25 + 29. Suppose z*q = -0*g + 3*g + 316, 2*g = 4*q - 312. Calculate the remainder when q is divided by 11.
10
Suppose -4*j - 5*k = -j - 233, 2*k = -2*j + 154. What is the remainder when j is divided by 25?
1
Let f be -5 + (44 - 2) - (-3)/1. Let c = f - 30. What is the remainder when 20 is divided by c?
0
Let y = -133 + 136. Suppose 2*q - 296 = 3*j - 8*j, -y*j + 620 = 4*q. What is the remainder when q is divided by 23?
20
Suppose 2*q = -3*i, 2*q = 2*i - 0*q - 10. Let y = i - -26. Calculate the remainder when y is divided by -1*22/(2 + -4).
6
Let l(m) = -m**3 - m**2 + 22*m - 14. Calculate the remainder when l(-8) is divided by 10.
8
Let l = -818 + 915. What is the remainder when l is divided by 95?
2
Let h(p) = 2*p**2 + 18*p + 13. Let k be h(-7). Let y = k + 24. Calculate the remainder when 24 is divided by y.
6
Suppose 10*r - 742 - 1558 = 0. What is the remainder when r is divided by 33?
32
Calculate the remainder when 141 is divided by 37 + -1 + (-126)/(2 - -16).
25
Let g(p) = 9*p - 86. What is the remainder when g(19) is divided by 50?
35
Let y(j) = -j**3 - 25*j**2 - 25*j + 105. Calculate the remainder when y(-24) is divided by 6.
3
Let h(l) = -3*l - 7. Let r be h(-3). Suppose 0*j - r*j = -118. Calculate the remainder when j is divided by 12.
11
Let p = -1 - -8. Let f = p + 13. Let c = f - -5. What is the remainder when c is divided by 14?
11
Suppose 8*k = -3*k + 473. What is the remainder when 331 is divided by k?
30
Suppose 0 = b - v - 0*v - 6, 48 = 3*b + 3*v. Calculate the remainder when 33 is divided by b.
0
Let h(t) = -9*t - 20. Let 